. Is q(20) a composite number?
False
Suppose -19 - 12 = -3*i + 5*d, -4*i - d + 3 = 0. Let c be 141 - ((3 - i) + 0). Suppose 2*r + 2*r = c. Is r a prime number?
False
Let p(c) = 23*c**2 - 2*c + 1. Is p(-2) a prime number?
True
Let w = 456 - 101. Is w composite?
True
Suppose 5*a - 2*a = 9. Suppose 5*t = -3*r - r + 136, -5*t = 0. Suppose 4*i - 191 = 3*o, -i + a*o = -16 - r. Is i composite?
False
Let n(c) = 2*c**3 + 2*c**2 - c. Let r be n(1). Suppose 5*v = -u + 3*v + 134, -3*u - r*v = -414. Is u prime?
False
Let j(p) = -3*p**3 - 11*p**2 - 5*p + 7. Let a(h) = h**3 + h**2 - h. Let c(l) = -2*a(l) - j(l). Let g be 1/(-3) + 34/(-6). Is c(g) a composite number?
False
Let w be (-1371)/(-3) - (-1 - -3). Suppose 3*t = 8*t - w. Is t composite?
True
Let k = -1 + -4. Is -1 + 29 - (-8 - k) a prime number?
True
Suppose -h - 4*r + 301 = -8, 0 = -h + 2*r + 285. Is h a prime number?
True
Let q = 31 + 102. Suppose -194 = -3*k + 4*y, y = 2*k + 2*y - q. Suppose 4*a + k = 454. Is a a prime number?
True
Let q = 18 + 139. Is q prime?
True
Suppose -p = -2*p - 5. Let b = p - -7. Let j(d) = 45*d**2 + d - 1. Is j(b) a composite number?
False
Suppose 0 = -4*n - g + 452, 4*n + 2*g - 452 = -g. Is n a composite number?
False
Let i(a) = 760*a**2 + 4*a + 1. Is i(2) a composite number?
False
Let r be 0/(2 + -3 + 4). Suppose r = 7*x - 3*x - 284. Is x a composite number?
False
Let j(s) = 21*s**2 + 2*s + 1. Let o be j(-1). Suppose 37*z = 32*z - 55. Let w = o + z. Is w a composite number?
True
Let c = 550 - 315. Is c composite?
True
Let o(x) = x**2 + 3*x + 2. Let n be o(-4). Let m be -12*(1 - 9/n). Is (9/m)/3*4 composite?
False
Suppose 5*q + 1 = -14. Is 3/(q - 0) + 54 composite?
False
Let m(y) = 23*y**2 - 6*y - 13. Is m(-6) a prime number?
False
Let y(d) be the first derivative of 7*d**2/2 - 9*d - 5. Is y(8) composite?
False
Suppose -4*r = -2 + 18. Let b be r/14 + 30/7. Suppose -3*s - 33 = 4*a - 145, b*a - 80 = 5*s. Is a a composite number?
True
Let q(o) = -826*o + 3. Is q(-1) prime?
True
Let a = -38 + 61. Suppose 2*k - 61 = -a. Is k a composite number?
False
Suppose -4*y + 4*z + 67 - 3 = 0, 3*y + 5*z = 24. Is y a composite number?
False
Let u(z) = 7*z + 6. Let v be u(7). Is v - 1*(1 + 1) a composite number?
False
Suppose 0 = -r - 1 + 3. Suppose -27 = -0*g - r*g + 3*w, 3*w = 4*g - 51. Is -2*(-15)/g*86 composite?
True
Let v(t) = t**3 - 4*t**2 - 8*t - 3. Let x be v(6). Suppose -5*p + x = -14. Let n = 12 + p. Is n a composite number?
False
Let f(o) = 11*o**2 - 2*o + 2. Suppose -6*s = -0*s - 18. Is f(s) composite?
True
Let s = 342 - 85. Is s prime?
True
Is (24/(-16))/(2/(-692)) a prime number?
False
Let v(i) = -3*i**3 - 3*i**2 - 4*i - 7. Suppose 3*z + 8 = 3*f + 2, -22 = 5*z - 2*f. Is v(z) a composite number?
False
Let r = 62 + 161. Suppose u + 397 = 3*y, -5*u + 53 = 2*y - r. Is y a composite number?
True
Let h = -7 + 2. Let c be (-177)/h + 6/10. Suppose -2*j = -5*x - 35, -3*j + 3*x = x - c. Is j a prime number?
False
Suppose 4*f = 0, -7*m + 136 = -3*m + 4*f. Let p be 3 + -2 + 54 + -2. Let a = p - m. Is a a prime number?
True
Let b = -10 - -6. Let c be ((-6)/b)/(6/8). Suppose 6*t - 260 = c*t. Is t composite?
True
Let l = 0 - -4. Suppose -4*o - 323 = -t, -2*o = l*t - o - 1343. Is t prime?
False
Let i = 20 + 39. Is i a composite number?
False
Is 2/(-5) - 63189/(-85) a composite number?
False
Let a(y) = -11*y - 2. Let h(l) = -l**2 - l + 3. Let x(t) = -t - 8. Let c be x(-5). Let j be h(c). Is a(j) prime?
True
Let s(x) be the second derivative of x**3/6 + 4*x**2 - 2*x. Let i be s(-4). Suppose i*m - 273 = -2*r - 3*r, 0 = -3*r - 4*m + 167. Is r composite?
False
Let s(t) = -2*t + 8. Let r = -1 - 6. Is s(r) a composite number?
True
Let f be 3526/8 - (-6)/(-8). Is ((-6)/5)/((-16)/f) composite?
True
Let n(m) = -9*m + 1. Suppose -3 - 9 = 2*t. Is n(t) a prime number?
False
Let j be (-3)/(-1 + 262/264). Suppose -11*p = -6*p - 1555. Suppose 4*b = -0*b + 2*w + j, 3*b - p = 5*w. Is b a prime number?
True
Let t(i) = -i**3 - 8*i**2 + 8*i - 3. Let v be t(-9). Suppose 2405 = -u + v*u. Is u a composite number?
True
Let a be 121/7 - (-4)/(-14). Suppose -7*u + 2*u + 20 = -5*m, m - 2 = -2*u. Is 2 + a - (m - 0) prime?
False
Let y = 380 - -455. Is y composite?
True
Let b(c) = -21*c + 16. Is b(-3) prime?
True
Suppose -3*c + 2424 = -0*c + 4*a, -3232 = -4*c + 4*a. Suppose 2*i - 2*u - u = 796, 0 = -2*i - 3*u + c. Is i a composite number?
False
Let y be 1/((-1)/24) - -2. Let v = y - -32. Suppose 4*s = -18 - 2, -5*x + v = s. Is x prime?
True
Let q = 575 - -263. Is q composite?
True
Let n(w) = 4*w - 3*w - 3 + 1. Let q be n(6). Suppose 0 = -q*y - y + 1315. Is y composite?
False
Let o be (-45)/10*2/3. Let y be o + 9/(1 + -2). Is (9/y - 1)*-4 a composite number?
False
Is -74*(-4)/(-1 - -9) a composite number?
False
Let o = -812 - -1385. Is o a composite number?
True
Let g = 2 - -1. Suppose -3*b - 4 = 5, g*b + 19 = 2*z. Let y = z + 2. Is y a composite number?
False
Let f = 24 + -15. Suppose 0 = a - 5*x - 0 + f, 8 = -2*a + 5*x. Is (1 - -1) + 0/a a composite number?
False
Suppose -b = -4*g - 1107, -4*b + 0*g + 4373 = -5*g. Is b a prime number?
True
Let c(j) = 11*j. Let n = 1 + 6. Is c(n) a prime number?
False
Let f = -498 + 702. Suppose -f = 2*t - 610. Is t composite?
True
Suppose 0 = -2*n - 4, -2*c - 4 = -0*c + n. Let w = -4 - -1. Is (2/w + c)*-51 a prime number?
False
Suppose d + 6 = -5*q + 4*d, 5*q = 4*d - 3. Let o = q + 52. Is o a prime number?
False
Let v(w) = 4*w**2 + 2*w - 7. Let k(m) = -3*m + 5. Let g be k(3). Is v(g) composite?
True
Is 1*1*(2 + 899) a composite number?
True
Is 254/8*(0 - -4) a prime number?
True
Let u(t) be the third derivative of 1/30*t**5 + 0 + 0*t + 2*t**2 + 1/6*t**3 - 1/8*t**4. Is u(4) composite?
True
Let c(j) = j**2 - 7*j + 7. Is c(11) a composite number?
True
Is 31 + -8 - (-1 + -2) a composite number?
True
Let f(v) = -v**3 + 1. Let c(t) = 7*t**3 + 9*t**2 - t - 12. Let i(a) = -c(a) - 4*f(a). Is i(-7) a composite number?
True
Is -1 + 16/4 - 1 - -29 prime?
True
Let j(a) = a - 9. Let z be j(9). Suppose 4*h = -c + 183, z*h + 4*h - 947 = -5*c. Is c a composite number?
False
Let f(n) = 44*n - 45. Is f(11) prime?
True
Suppose -4*r + 65 = r. Is r/52 + (-507)/(-4) prime?
True
Let h(n) = 162*n - 1. Suppose 4 = -5*x + 9. Is h(x) a prime number?
False
Let u(a) = -a**3 - 17*a**2 - 7*a - 13. Is u(-17) prime?
False
Suppose 0 = -q - 4*q, 3*v - 4539 = 5*q. Is v a prime number?
False
Suppose l - 5*x = -x + 13, -5*x = -5*l + 5. Let p = l - -80. Is p a prime number?
False
Let t be 20/(-12)*-9 - 3. Is 234/t*10/3 composite?
True
Suppose 5*a = -a + 3324. Is a composite?
True
Let p = -18 - -76. Is p composite?
True
Suppose -118 = -0*j - 2*j. Let k = j + -34. Is k a composite number?
True
Suppose 4*x = -8*x + 14556. Is x prime?
True
Suppose 3*f + 2*f - 3139 = -3*n, -4 = 2*n. Is f a composite number?
True
Let p(h) = h**2 + 10*h + 7. Suppose -26 = y + 7. Let f = y + 21. Is p(f) composite?
False
Let r(t) = -t**2 - 9*t - 10. Let g be r(-8). Let f be (-1)/(25/(-12) - g). Is (-10)/4*f/(-10) prime?
True
Let l(b) = b**3 + b**2 + 13. Let v be l(0). Let c(z) = z**3 - 12*z**2 + 8. Is c(v) prime?
False
Let m = 5135 - 3604. Is m a prime number?
True
Suppose 5*j = 2*d + 8 + 11, -5*j = -d - 22. Suppose 0 = a - 2*i - 149, -4*a + 661 = -0*i + j*i. Is a a composite number?
True
Let x = -3 + -3. Is (76/x)/(4/(-6)) prime?
True
Let c(v) = 56*v - 3. Let s be 32/14 - (-8)/(-28). Suppose -p - s*f = 8, -p = -5*p - 5*f - 17. Is c(p) composite?
False
Let w = 409 + -282. Is w composite?
False
Suppose -2*z = -2*d - 48, -2*z + 54 = 3*d + d. Suppose -a + z = 5*s, 20 = -2*a - s + 5*s. Is (a + 2)/(4/86) a composite number?
False
Let d(t) = -18*t - 3. Suppose 5*j - 2*j + 6 = 0. Is d(j) a composite number?
True
Suppose -5485 = -8*j + 3*j. Is j composite?
False
Suppose x - 5*q + 7 = 0, 56 = -5*x - 2*q + 6*q. Let m be 10/8 + x/(-16). Is (-2658)/(-54) + m/(-9) composite?
True
Suppose -19*p - 17590 = -29*p. Is p prime?
True
Suppose 5*q - 2*r = 15, -2*r - 15 = -4*q - r. Suppose -3*s - q*z = -345, 2*z + 291 + 54 = 3*s. Is s composite?
True
Let y(u) = -32*u**3 - u**2 + 2. Let i be y(-2). Let w = 140 - i. Is (-2)/5 + w/(-10) prime?
True
Let q = -58 - -250. Let b = -125 + q. Is b a composite number?
False
Suppose -2*f - 4 = 3*a, -6*f + 8 = -f + 3*a. Let v(y) = 